 = i + -262. List the prime factors of o.
3, 37
Let v(m) = 13*m - 10. Let d be v(-7). Let s = 148 + d. What are the prime factors of s?
47
Let y(b) = -13*b - 1. Suppose -4*f + 0 = -3*c + 1, f = -5*c - 6. Let w be y(f). Let h = 22 - w. List the prime factors of h.
2, 5
Let u be ((-25)/(-15))/((-2)/(-6)). Suppose u = -6*a + a. List the prime factors of 40 + (2 + a - 3).
2, 19
Let j be 3176/40 - (-1)/(-5)*2. Suppose -677 - j = -9*f. List the prime factors of f.
2, 3, 7
Let b be 22/(-6) + 7/(-21). Let x(n) = -n**3 - 5*n**2 - 2*n + 5. Let q be x(b). Let c = 17 - q. What are the prime factors of c?
2, 5
Let f = 72 - 64. Suppose 31*m - f*m - 5819 = 0. What are the prime factors of m?
11, 23
Let b(o) = 4*o**2 + 5*o + 19. Suppose 5*h + 3*y + 11 = -5, -24 = 3*h - 3*y. List the prime factors of b(h).
2, 47
Let k be (0 - -10)*7/14. Suppose -k*h - 3*m = -148, 4*m = -0*h - 3*h + 91. Let p = 50 - h. What are the prime factors of p?
3, 7
Suppose i + 11 = 2. List the prime factors of ((-60)/14)/(i + 310/35).
2, 3, 5
Let p(i) = -i**3 + 6*i**2 + 5*i + 8. Let w be p(-4). Suppose 2*v + 0*v - 356 = -5*j, 2*j - 2*v - w = 0. List the prime factors of j.
2, 3
Let x be 96/8*(-2)/(-6). What are the prime factors of 4 - ((x - 4) + -8)?
2, 3
Suppose -51*u + 2929 + 9311 = 0. What are the prime factors of u?
2, 3, 5
Let s(z) be the third derivative of 1/6*z**3 - 1/120*z**6 + 1/3*z**4 - 2*z**2 + 0*z + 0 - 3/20*z**5. List the prime factors of s(-10).
3, 7
Suppose -1622 = 6*k - 4712. What are the prime factors of k?
5, 103
Let o = 60 + -39. Suppose -3*w = 4*c - o, -3*c + 15 = -w + 3*w. Suppose w = 3*q - 3. What are the prime factors of q?
2
Let z = 17 + -14. Let d be z/2 + 3/6. List the prime factors of (-1*d)/(4/(-4)).
2
Let d be 0 + -3 + 3 - 0. Suppose d*g - x = -2*g + 12, 0 = -g + 3*x + 11. Suppose -5*l + 120 = r + r, 0 = l - g*r + 3. What are the prime factors of l?
2, 11
Let b be (-9)/(-6) - 6/4. Suppose -2*t = j + 8, 4*t + b*t - 4*j = -28. Let f = 16 + t. List the prime factors of f.
11
Suppose -3*j = -4*f - 23, j - 8*f - 15 = -3*f. Suppose 0 = -2*w + j*c + 297, 3*c + c + 147 = w. List the prime factors of w.
151
Let d(q) = 87*q**2 + 4*q. Let p(h) = 131*h**2 + 6*h. Let n(s) = 8*d(s) - 5*p(s). List the prime factors of n(-1).
3, 13
Let g(y) = -y**2 - 15*y - 8. Suppose 5*c = -j - 7 + 35, -j = 3*c - 18. Suppose 0 = -c*b + 36 - 101. List the prime factors of g(b).
2, 3
Let r be ((61 - 1)/6)/(2/76). Suppose -j + r = 5*g, -2*j + 76 = 3*g - 2*g. List the prime factors of g.
2, 19
Let p(r) = r**3 + 30*r**2 + 34*r + 169. What are the prime factors of p(-27)?
2, 719
Suppose -3*k - 415 = -o, 0 = o - 45*k + 50*k - 439. List the prime factors of o.
2, 53
Let o = 453 + -137. List the prime factors of o.
2, 79
Let z = 468 + 699. List the prime factors of z.
3, 389
Let a = 3497 + -1641. List the prime factors of a.
2, 29
Let p be (-128)/(-13) - 4/(-26). List the prime factors of 3 + (1385/p)/(1/2).
2, 5, 7
Let f = 47 - 107. Let v(c) = -c**2 - 23*c + 4. Let p be v(-18). Let z = f + p. List the prime factors of z.
2, 17
Suppose 4*v - 24 = -2*h, 16 - 55 = -5*h - 3*v. Let r(s) = 3*s**2 - 10*s - 2. What are the prime factors of r(h)?
2, 23
Suppose -40 = -4*h - 5*l, 3*h + 3*l - 14 = 16. Suppose h - 12 = -o. Suppose o*b + 5*k + 7 = 0, -4*b + 4*k + 16 = -3*b. List the prime factors of b.
2
Suppose 0 = 2*k - 6*k + 40. Suppose 10 = 4*n - k, -5*c = -3*n + 5. Suppose c*x = 3*x - 5*u, 10 = 5*u. What are the prime factors of x?
2, 5
Let q(n) = n**3 - n**2 - 2*n + 33. Let f be 3/12 - 5/20. What are the prime factors of q(f)?
3, 11
Let n be ((-9)/(-12))/(1/12). List the prime factors of 5625/27 + (-3)/n.
2, 13
Let b = 78 - -19. What are the prime factors of b?
97
Suppose 1528 - 13948 = -12*h. What are the prime factors of h?
3, 5, 23
Let d be (-2)/(-9) + 261/(-81). What are the prime factors of (-32)/d + 10/(-6)?
3
Suppose 0 = -5*p - 5*j, 2*p + 0*p - 30 = 4*j. Suppose -w + 50 = -18. Suppose w + 77 = p*k. What are the prime factors of k?
29
Let k be (-4)/(-10) - 174/(-15). Let l(r) = r + 14*r - 2416*r**2 + 2415*r**2 - 6. List the prime factors of l(k).
2, 3, 5
Suppose -3*x = -0*b - 2*b - 48, -15 = -5*b. Suppose 19*s - x*s = 211. What are the prime factors of s?
211
Let w = 63 - 11. Let u = 139 - w. List the prime factors of u.
3, 29
Let k(s) = 4*s - 2 + 8*s - 6*s. Let j be k(2). Suppose -j = -5*o + 5*z, 5*z - 4 = -4*o + 4. What are the prime factors of o?
2
Suppose 2523 = 3*w - 732. Let q be 4/(-8) + w/10. Suppose g - q = -2*g. List the prime factors of g.
2, 3
Let j(t) = -t**3 - 10*t**2 - 26*t + 15. What are the prime factors of j(-12)?
3, 5, 41
Let a(k) = -514*k - 18. What are the prime factors of a(-2)?
2, 5, 101
Let p = 1118 + -630. Let z = -285 + p. List the prime factors of (-1)/1 - z/(-7).
2, 7
Let y be 28/(-21) - 2/(-6). What are the prime factors of (y - 2) + -1*(-4 + -194)?
3, 5, 13
What are the prime factors of (2/(-4))/(21/(-12516))?
2, 149
Let t(j) = -13*j**3 + 2*j**2 - 8*j. What are the prime factors of t(-6)?
2, 3, 61
What are the prime factors of (320/6*1)/((-54)/(-567))?
2, 5, 7
Let o(b) be the second derivative of -b**4/12 - 17*b**3/6 + 11*b**2/2 - 15*b. List the prime factors of o(-15).
41
Let x = 20 + -29. Let v = 51 - x. List the prime factors of v.
2, 3, 5
Suppose 15 = -3*r, 2*r - 1 = 3*a + r. List the prime factors of a + 15/3 + 101.
2, 13
List the prime factors of (-163806)/(-39) - 11*(-20)/(-1430).
2, 3, 5, 7
Suppose -5*h - 4*a = -3666, -5*a = -14*h + 9*h + 3675. What are the prime factors of h?
2, 367
Let a(s) = -40*s**2 + 8*s + 4. Let t be a(8). List the prime factors of 4/(-18) - t/36.
3, 23
Suppose -2*v - 4*y = -3*y - 50, v = -3*y + 25. Suppose -2*o + 5*f - 51 = 0, 0 = f - 2 - 3. Let a = v + o. List the prime factors of a.
2, 3
Let d(g) = g**3 - 5*g**2 + 3*g - 11. Let o be d(5). Suppose 1 = -o*z + 17. What are the prime factors of 2368/56 - z/14?
2, 3, 7
Let j = 12 - -6. Suppose -3*r = 2*b - 4*b - j, -2*r + 19 = b. What are the prime factors of -34*(-2)/r*2?
17
Let d(p) = 8*p**2 - 3*p - 3. Let x be d(-2). Let v be (-14)/x*(1 - -9). What are the prime factors of v/10*(-13 - -3)?
2
Let n(p) = p - 4. Let h be n(0). Let t(y) = 5*y - 6. Let d be t(h). Let k = 16 - d. List the prime factors of k.
2, 3, 7
Suppose 3*h - 5*w = -15, -h = h - 4*w + 8. Let k = -108 + 110. List the prime factors of 4 - 1 - h/k.
2
Suppose 6*v - 1173 - 4023 = 0. What are the prime factors of v?
2, 433
Let c(k) = 2*k**3 - 14*k**2 + 11*k. Let q be c(6). Let y(o) = 2*o + 5. Let b(x) = 4*x + 11. Let a(w) = 3*b(w) - 7*y(w). What are the prime factors of a(q)?
2, 5
Suppose 21*i - 135968 = -11*i. What are the prime factors of i?
7, 607
Suppose 96*i - 106*i + 47590 = 0. List the prime factors of i.
4759
Suppose s = p - 0*s - 4, 0 = 2*p - 5*s - 5. Suppose m + 0*g - 7 = -g, 0 = 2*m + p*g - 8. List the prime factors of m.
3
Suppose -l - 6*k + 11*k = -785, 3*l - 2440 = -2*k. What are the prime factors of l?
2, 3, 5
Let j(y) = y**2 - y + 1. Let z be 4/(-12)*1*-6. Let a be j(z). Suppose -u + 44 = 3*n + n, -2*u + 98 = a*n. List the prime factors of u.
2, 13
Suppose -1821 = -21*n + 3723. List the prime factors of n.
2, 3, 11
Let d(m) = 2 - 5*m + 1 + 8 - m**2. Let c be d(-6). Suppose 3*r + 6 - 31 = -c*z, 0 = 2*r + 3*z - 16. What are the prime factors of r?
5
Let z be 23 + 2*(-6 + 4). Let l = -6 + z. List the prime factors of l.
13
Let i be (157 + 1)*(-14)/(-28). Suppose 4*q - 639 = -i. What are the prime factors of q?
2, 5, 7
Let q = -14 - -18. Suppose 66 = -2*o + 2*h, -4*o + h = -q*h + 128. Let d = o + 62. List the prime factors of d.
5
Suppose -6 - 2 = -2*n. Let x(h) = -h**3 + 5*h**2 + 2*h + 5. Let a be x(n). Let j = 51 - a. What are the prime factors of j?
2, 11
Suppose 2*l - 52 = -0*l. What are the prime factors of 2/(-1)*(-637)/l?
7
Let g(p) = 20*p**2 - 47*p + 45. List the prime factors of g(9).
2, 3, 23
Let z(o) = 42*o**3 + 8*o - 4. What are the prime factors of z(5)?
2, 3, 881
Let o(m) = m**2 - 4*m - 6. Let x be 48*(-1 + 4/3). Let t = 22 - x. List the prime factors of o(t).
2, 3
Suppose s - 9 = -3*s - 3*g, -4*g = -12. Suppose -167 = u - s*u. What are the prime factors of u/(-3) - 32/48?
5, 11
Let z be 18*-2*4/(-12). Suppose z*o - 15 = 1017. What are the prime factors of o?
2, 43
Suppose 14*b - 10*b + 2*n - 7820